e the prime factors of w*(-2 - -3) + -1?
5
Suppose -4*u + 5 = -3. Let x(j) = j**3 + j**2 - 2 + j - 5*j**u - 3*j**2. What are the prime factors of x(7)?
5
Let i(c) = -c**3 + 11*c**2 + 15*c - 1. Let y be ((-3)/(-6))/((-2)/(-48)). What are the prime factors of i(y)?
5, 7
Let j(v) = -v**3 - 4*v**2 + 4*v - 3. Let p be j(-5). Suppose -2*g - u + 24 = 0, 2*u = -5*g + 56 + p. What are the prime factors of g?
2, 5
Suppose -4*x + 0 = -32. Suppose -4*u + 0 = x. List the prime factors of 8 + (u - -4) + 0.
2, 5
Let d = -20 + 30. List the prime factors of d.
2, 5
Let q = -4 + 5. Suppose -2*y - q = -z - 7*y, -2*z = 5*y - 22. What are the prime factors of z?
3, 7
Suppose 2*d + 2*o - 8 - 10 = 0, -3*d - o + 17 = 0. What are the prime factors of ((-12)/3 - -2) + d?
2
Suppose 3*d + 2*h + 16 = 0, -3*d - 8 = -0*h - 2*h. List the prime factors of (-2)/4 - 30/d.
7
Let b(y) = -y**2 + 7*y - 4. Let j be b(6). Suppose 0 = 4*k - 0*o + 5*o - 60, -j*o + 58 = 5*k. Suppose 2*a = 4*a - k. What are the prime factors of a?
5
Let r be 8 + -5 - (2 + -1). Suppose 3*m - r*x = 4, 4*m - 4 - 3 = x. What are the prime factors of m?
2
Let p be (4/10)/(2/10). Suppose -2 = -p*n + 10. What are the prime factors of n?
2, 3
Suppose 5*n + 387 = 4*g, -2*n = -g + 47 + 49. What are the prime factors of g?
2, 7
Suppose 0 = -2*a + a + 24. What are the prime factors of a?
2, 3
Let z(a) = -a - 7. Let h be z(-7). What are the prime factors of 0 - (h/2 - 4)?
2
What are the prime factors of 32 + 1 + (-3)/3?
2
Suppose -2*u + 9 = 2*o - o, u + 4*o - 8 = 0. Suppose -4*r + 8 = -u. List the prime factors of r.
3
Suppose 10*o - 5*o = -25. Let q(u) = 2*u**2 + 8*u + 7. What are the prime factors of q(o)?
17
Let b be 2 + 3 + -3 - 0. Suppose -21 = -a - b*a. What are the prime factors of a?
7
Suppose -3*q + 3*n + 9 = 0, 6 = 2*q - n + 4*n. Suppose -2*s + 33 = -2*v - 19, q*v = -s + 34. List the prime factors of s.
2, 7
Let g(r) = r**3 - 2*r**2 - 5*r + 6. List the prime factors of g(5).
2, 7
Suppose -4*t + t + 45 = 0. What are the prime factors of t?
3, 5
Let p = -1 - -9. List the prime factors of p.
2
Let u(m) = -8*m + 11. List the prime factors of u(-9).
83
Let h be 6*11/2*1. Let u = 0 - 18. Let k = h + u. What are the prime factors of k?
3, 5
Let t(n) = -n + 15. Let l(j) = -j**2 + 9*j + 3. Let o be l(8). What are the prime factors of t(o)?
2
What are the prime factors of 2 - -6 - (-6)/3?
2, 5
Let v be ((-48)/(-7))/(1/7). Suppose -5*o = -o - v. What are the prime factors of o?
2, 3
Suppose -5*g = 3*w - 1691, 0 = -5*g - 0*g + 4*w + 1677. What are the prime factors of g?
337
Let s(p) = -3*p - 7. Let j be s(-6). Let f(x) = x + 1. What are the prime factors of f(j)?
2, 3
Let x(r) = -r**2 - 6*r - 3. Let d be x(-6). Let g be -2*(3 + d - 2). Suppose -l - 5*m = -12, -12 = -5*l + 3*l - g*m. List the prime factors of l.
2
Let t = -41 - -27. Suppose 17 = -4*u + 113. Let m = u + t. What are the prime factors of m?
2, 5
Let d(z) = 16*z**3 + z**2 - 1. Suppose 7*p + 3 = 10*p. What are the prime factors of d(p)?
2
Let k be -5 + (1 - -1) + 6. Suppose -2*m - 10 = -l, 0 = 4*l - k*m - 33 - 7. List the prime factors of l.
2, 5
Let c(g) = -15 - 4*g + 1 + 1. List the prime factors of c(-12).
5, 7
Suppose -3*v - v = 4*t - 104, 5*t = v + 100. What are the prime factors of t?
3, 7
Suppose -2*b = -5*s + 1, 5*b + 2*s - 4*s - 8 = 0. Let y = b + 4. Suppose -30 = -3*n + y. What are the prime factors of n?
2, 3
Let b = -10 + 12. What are the prime factors of 5/10*b*7?
7
Suppose 0 = -3*g + 58 - 10. List the prime factors of g.
2
Let d = 157 - 78. What are the prime factors of d?
79
Let f = 18 + -13. Suppose -2*v = -2*g + f*g - 39, -v - g + 21 = 0. List the prime factors of v.
2, 3
Suppose -3*a - 4*p = -7*a - 16, 3*p = 15. Let g(u) = -5*u - 1. Let d be g(-4). Suppose -x = -d + a. What are the prime factors of x?
2, 3
Let i = -4 + 7. Suppose -i*b - 14 = -5*b. Suppose -5*y + 2*l = -6 - 2, -5*y + 3*l = -b. What are the prime factors of y?
2
Suppose 0 = 2*r - 15 - 7. List the prime factors of r.
11
Suppose 0 = -5*n + 20, -2*u + 4*n + 2074 = 3*u. Let v be u/18 + (-4)/18. Suppose 13 + v = 3*o. List the prime factors of o.
2, 3
Suppose -3*i = -2*i. List the prime factors of (46 - (i + 0)) + -3.
43
Let y(d) = d**3 - 15*d**2 + 12*d + 12. Let n be y(14). What are the prime factors of 219/12 - 12/n?
19
Suppose -2*i - k - k = -180, 5*k + 72 = i. Suppose -c = 2*c - i. List the prime factors of c.
29
Let o(s) = s**2 + 6*s. Suppose -2*z + 5 = -4*v - 7, z = 3*v + 9. Let i be o(v). Let g = 17 + i. List the prime factors of g.
2
Let v be 2/(-11) - 303/(-33). List the prime factors of v + 0 + 0 + -2.
7
Suppose 9*r = 13*r - 224. List the prime factors of r.
2, 7
Let d = 323 + -198. What are the prime factors of d?
5
Let a be (6/(-15))/((-2)/10). Suppose 64 = 5*k - 0*k - 2*q, -a*q + 56 = 5*k. List the prime factors of k.
2, 3
What are the prime factors of ((-6)/(-12))/(247/82 + -3)?
41
Let j be 1/(21/(-6) - -4). Suppose 5*s - 90 = 5*m, -j*m - 78 = -3*s - 2*s. What are the prime factors of s?
2, 7
Let k(m) = 4*m**2 - 3*m + 2. What are the prime factors of k(3)?
29
Let x(w) = -w**3 - w**2 - w + 3. Let g(p) = p + 8. Let z be g(-12). Let b be x(z). Suppose 0 = -5*l + 140 - b. List the prime factors of l.
17
Let r = 0 - -5. What are the prime factors of r?
5
Suppose -5*c + 4*a + 31 = 0, 0 = -2*a - a - 12. Suppose 8*s = c*s + 55. Suppose 3 + s = 2*o. List the prime factors of o.
7
Suppose v + 0*v = 263. List the prime factors of v.
263
Let u(a) = -7*a + 14. List the prime factors of u(-9).
7, 11
Suppose -4*f = -7*f + 60. What are the prime factors of f?
2, 5
Suppose -155 = -2*b + 3*i, -i + 270 = 3*b + 21. Let n = 118 - b. List the prime factors of n.
2, 3
Suppose 0 = -3*k - 2*l - 153 + 418, -5*k = -3*l - 429. What are the prime factors of k?
3, 29
Suppose -d + 108 = -4*a + 3*a, 2*d - 3*a = 213. List the prime factors of d.
3, 37
Let l(f) = f**2 - 4*f - 7. Let y be l(6). Suppose y = -h + 6*h + 5*z, h - 5 = -5*z. Suppose h*p + 6 = 3*p. What are the prime factors of p?
2
Suppose -3*b + 3 - 12 = 0. What are the prime factors of 2 + b - (6 + -12)?
5
Let k be -2*(0 - 39/2). Suppose -5*s - r + k = 0, 24 = 4*s + 3*r - 4*r. List the prime factors of s.
7
Let n(c) = -3*c**2 + 11*c - 9. Let m(x) = 7*x**2 - 23*x + 18. Let u(w) = -2*m(w) - 5*n(w). List the prime factors of u(11).
31
Let w = -19 - -115. List the prime factors of w.
2, 3
Suppose 172 = 4*j + 4*b, j + 2*b = -3*j + 180. Suppose 4*r + 4*k = 236, 5*k = r - 0*r - j. What are the prime factors of -2*(r/(-6) - 0)?
19
Let u(w) = -w**2 - 5*w + 2. Let z be u(-5). Suppose -z*x - 36 = -6*x. What are the prime factors of x?
3
Let v(x) = -3*x + 2. Let n be v(-6). Suppose -3*b = b - n. What are the prime factors of 66/b - 3/15?
13
Suppose 5*w = 4*j + 81, -2*j + 5*j = 2*w - 31. List the prime factors of w.
17
Suppose 0 = 4*i - 1 - 11. What are the prime factors of (i + 5)/2 - -2?
2, 3
Let m(k) = -k**2 - 4*k + 5. Let n be m(-5). What are the prime factors of -1 + -2 + n + 17?
2, 7
List the prime factors of (1 + 18)/(17/34).
2, 19
Let f(b) = 6*b**3 + b**2 - 2*b. What are the prime factors of f(2)?
2, 3
Let n = -9 - -29. Let m(j) = -j**2 + 8*j - 6. Let r be m(5). Suppose -n = -w - r. List the prime factors of w.
11
Let t(s) be the third derivative of s**4/24 + s**3/2 + 2*s**2. List the prime factors of t(4).
7
Suppose 3*z - 1 = 4*z. List the prime factors of -1*1*(-2 + z).
3
Let k be (-1)/(2/(-4 + -2)). Suppose -g = -k - 1. List the prime factors of g/(3/3) - -3.
7
Let y = 50 - 15. List the prime factors of y.
5, 7
Suppose -p = -5*b + 14, 2*b + 2*b = -3*p - 4. Let a = 2 - b. Suppose 0 = -3*q - a*q + 6. What are the prime factors of q?
2
What are the prime factors of (-812)/(-3) + (-16)/24?
2, 3, 5
Let w(a) = -a**3 - 7*a**2 - 8*a - 7. Let c be 0/6 - (7 + -1). Let i be w(c). Suppose -i*q + 4 = -61. List the prime factors of q.
13
Let b(m) = 9*m + 6. Let l(s) = s**2 + 3*s - 1. Let f be l(-4). List the prime factors of b(f).
3, 11
Suppose -4*q - 571 + 1463 = 0. What are the prime factors of q?
223
Suppose -3*y - 3 = 0, -5*z + 1 + 6 = 3*y. List the prime factors of z.
2
Let n(z) = -z**3 + 9*z**2 - 6*z - 1. List the prime factors of n(7).
5, 11
Suppose -v - 14 = v. Let a = -16 - v. List the prime factors of (0 - 2)/(3/a).
2, 3
Let v(p) = p**3 + 